ose 98*z - 97*z + 5*a - 310962 = 0, 5*a + 5 = 0. Is z a prime number?
False
Is (-2)/4*(5866497/(-9) + -9) a composite number?
False
Let y = -835465 + 1538924. Is y a prime number?
True
Let w be -8*8/(-48)*3. Suppose -w*q = -3*c - 55994, -10*q + 11*q + 4*c - 13989 = 0. Is q prime?
True
Let c(f) = -11111*f**3 + f**2 - 2*f - 1. Let v be 5/(-1) - 4 - -8. Is c(v) prime?
True
Let n(z) = 38*z + 2. Let o be n(0). Suppose 0 = 3*c + o*j - 79371, 0 = c + 3*j - 33277 + 6827. Is c a prime number?
True
Let t(r) = -9320*r + 2799. Is t(-28) composite?
False
Suppose -137*h = -144*h + 3495737. Is h composite?
False
Let c be 5 + (-10 - -8) + 3012. Suppose -3*w + 14*z = 16*z - c, 2026 = 2*w - 4*z. Is w prime?
False
Suppose 0 = -2*g - 4*u + 555898, 353131 = g - 2*u + 75190. Is g prime?
False
Suppose 35*a + 38*a - 6523499 = 0. Is a a composite number?
False
Let w(n) = n**3 - 10*n**2 + 22*n - 19. Let p(h) = -2*h - 6. Let y be p(-10). Is w(y) a prime number?
False
Suppose 2226 = -13*w + 15*w. Let a = w + -662. Is a a composite number?
True
Let j(v) = 4*v**3 + 9*v**2 + 7*v - 27. Let y(f) = 19*f**3 + 44*f**2 + 33*f - 136. Let q(i) = -11*j(i) + 2*y(i). Is q(-9) prime?
True
Let b(w) = -w**2 - 15*w + 23. Let u be b(-7). Suppose -87*v + u*v = -5992. Is v a prime number?
False
Let v(j) be the first derivative of -696*j**2 + 70*j - 98. Is v(-6) prime?
False
Let n be ((-6)/12)/((-3)/(-12)). Is n*1*(2 + 33030/(-12)) a composite number?
False
Let a(h) = 9*h**2 - h - 247. Is a(12) composite?
True
Let w be -1 - 4/(2*-1). Let x(q) be the third derivative of 112*q**5/15 - q**4/12 - 1208*q**2. Is x(w) a prime number?
False
Let j(n) = 325*n**2 - 38*n + 335. Is j(8) a prime number?
False
Let j(t) = 14*t**2 - 2*t + 277. Is j(-35) composite?
False
Let p = 10 - 0. Suppose -10304 = p*y - 92914. Is y a composite number?
True
Suppose -35*b - 33976 = -36*b - 3*l, 0 = 2*b + 4*l - 67942. Is b prime?
True
Suppose -759*q + 784*q = 19045375. Is q prime?
False
Suppose 3*w - 4*s + 3 = -7*s, -4*w - 2*s = 0. Let o(n) = 2129*n**3 - 3*n**2 + 7*n - 4. Is o(w) composite?
False
Let a = -89 - -85. Is 27782 - (-14 + 12)/(a/(-6)) prime?
False
Let t(r) = -5*r + 20. Let z be t(3). Suppose -z*d = 2*k - 17451, -d = -7*k + 3*k - 3477. Is d a composite number?
True
Let n = -9 - -12. Let x(o) = 5 - n*o**2 - 10 - 4*o + 11*o**3 + 3*o - 3*o. Is x(4) a composite number?
True
Is (-5 + -4 - 256145)*3/(-6) composite?
True
Let a = -67546 - -199197. Suppose -5*v = -4*v + 4, 4*v = -3*q + a. Is q prime?
True
Let y = 29434 + 28334. Suppose 0 = 8*i - 32*i + y. Is i composite?
True
Let z(f) = 691*f**2 - 6*f + 6. Is z(-31) a composite number?
False
Is (125539/(-3))/(1/2*174/(-261)) a prime number?
True
Suppose 4*b + 3*q + 1425 = 0, -442 = 3*b + 3*q + 623. Let s = 991 + b. Is s prime?
True
Suppose -425935 - 540546 = -8*d + 499783. Is d prime?
True
Let g = -3 + 7. Suppose 0 = -u + 3*v + 650, 0 = u + 2*u - g*v - 1955. Suppose -f + 980 = 3*s, -2*s = -0*f + f - u. Is s a prime number?
False
Let g(f) = 390*f**2 - 6*f + 16. Let r be g(-6). Suppose 0 = -2*a - 4*b - r, -2*b + b + 21117 = -3*a. Let t = -3207 - a. Is t a prime number?
True
Let i(r) = 3*r**3 + 9*r**2 - 3*r + 2. Let q be i(-3). Suppose 2*u + 43110 = 7*u. Suppose 5*l = q*l - u. Is l prime?
False
Let k(y) = 19*y**3 + 13*y**2 - 70*y + 73. Is k(19) a prime number?
False
Suppose -2*u - 9 = -3. Suppose -268 = -4*k + 4*x, -3*k + 136 = 2*x - 50. Is u/(-4) - (-56080)/k composite?
False
Let y(c) = -c - 12. Suppose 36 = -4*j + 3*a + 8, 0 = -4*j - 5*a - 60. Let b be y(j). Is (884/16)/(b/(-8)) prime?
False
Let n = 11426 - -2580. Suppose 0 = -2*f - 2*i + 19472 + 8528, -3*i + n = f. Is f composite?
False
Let i be (-90100)/(-15)*12/10*-1. Let w = -4005 - i. Is w prime?
True
Let a = -90 - -96. Let q be ((-12)/18)/((-2)/a). Suppose -5*p - 847 = -4*r - 4674, -1520 = -2*p - q*r. Is p a composite number?
True
Suppose -627*q = 633*q - 1265*q + 3358405. Is q composite?
False
Suppose 0 = -324*i + 311*i + 754. Is i + -3 + -7 + 7 prime?
False
Let s be (4 - -2)*1/3. Suppose 2*x + 2 + 6 = s*o, -o + 3*x + 8 = 0. Suppose o*d + 3*d = -2*l + 178, d = -l + 83. Is l a prime number?
True
Suppose -309 = d - 1489. Let c be (18 - 169/13) + (-10)/2. Suppose c*z + 4*z - d = 0. Is z a prime number?
False
Suppose -291*l = -2*d - 295*l + 131462, l = -5*d + 328682. Is d a prime number?
False
Let o(g) = g**3 + 14*g**2 + 17*g + 28. Let a be o(-12). Suppose -a*n + 232771 = -105*n. Is n a composite number?
True
Let u = -1339039 + 2284740. Is u a prime number?
True
Suppose -5*g - 3453 = -8*g. Let n = 230 + g. Suppose -848 = -3*y + n. Is y composite?
False
Let d = 69535 + 33963. Is d a prime number?
False
Let d be 2/(-3) + 4/6. Suppose 0 = -4*g - d. Let n(y) = -2*y**3 - y**2 + 1103. Is n(g) a composite number?
False
Let l = 18 - 16. Suppose 19*g = l*g + 21403. Is g a prime number?
True
Let i(r) = r**3 + 8*r - 21. Let u be i(4). Let k = u - -722. Is k composite?
False
Let b(j) = -461*j + 29. Let q be b(-6). Suppose -10*t - 3*t + q = 0. Is t prime?
False
Suppose 2*b + 4*o = 3538, 7*o = 5*b + 3*o - 8859. Let s = b - 1140. Is s composite?
False
Let h(n) = 9*n**3 - 9*n**2 + 27*n - 1042. Is h(27) prime?
False
Is 2/12 + (-2)/(168/(-796390)) prime?
False
Suppose -25*p - 26*p - 27915758 = -220*p. Is p composite?
True
Let m = 4396 - 2919. Is m prime?
False
Suppose -c - 20 = 5*z, -3*z - 16 = -4. Let v be (3 - -3)/(c - 2). Is 17108/21 + v + 30/9 composite?
True
Let n = 1599 + -1654. Let g be (-1)/(-2)*8*-4. Let v = g - n. Is v a prime number?
False
Suppose 4*u - 718124 = -u - 106629. Is u composite?
False
Let q(n) = -136*n - 147*n - 95*n - 203 + 223*n. Is q(-12) a prime number?
True
Let q(j) = 2*j**2 + 17*j + 18. Let i = 5 - 13. Let y be q(i). Suppose -y*v + 7854 = 1504. Is v composite?
True
Let m be 2/4 + (3/(-6) - -4). Let s(a) = 0 - 17*a + 16*a + 54*a**2 + m. Is s(3) composite?
False
Let w be 95/20 + (-3 - -6)/12. Suppose 2*r - d = 4*d - 361, w*r = -3*d - 825. Let y = r + 259. Is y composite?
True
Let k(s) = -1777*s - 112. Let g be (5 - -4) + -10 - 2*1. Is k(g) a composite number?
True
Suppose -11*l + 437965 = -2*r, 2*l - 12*r - 79630 = -9*r. Is l prime?
False
Suppose -5*o = 5*x - 90590, x - 3*x - 8 = 0. Suppose -23972 = -26*f + o. Is f prime?
True
Suppose -5*s = -3*d - 1060142, -d = -86*s + 83*s + 636086. Is s a composite number?
False
Suppose u - 24 = 6*t - t, -4*u + 16 = 0. Let c(i) = -3*i - 8. Let z be c(t). Suppose -3*l + 5252 = 2*h, z*h - 8283 = 4*l + 2241. Is h a prime number?
False
Suppose -26 = -6*h - 236. Is 7196 + ((-21)/h)/((-2)/(-10)) prime?
False
Suppose -n = -10 - 4. Is (-77)/(-5) - n/35 a prime number?
False
Suppose 207*p - 205*p - 6*t = 195712, 97802 = p + 3*t. Is p composite?
False
Let u = 970548 + -500987. Is u prime?
True
Let a be 11/(33/(-30))*(2 + -14). Let l(z) = -1 + a*z**2 + 114*z**2 + 100*z**2 - z. Is l(-2) prime?
False
Let m(k) = -3*k**2 + 1. Let p be m(-1). Let g be 0 - -6*(-1)/p. Suppose g*a - 1419 = 18. Is a a composite number?
False
Suppose h = -0*h + 3*f + 58007, -5*h = 3*f - 289999. Is h composite?
True
Let n be ((-38)/8 + (3 - 0))*-8. Suppose -2*o = b - 16428, -n = -5*b - 4. Is o a prime number?
False
Suppose h + 85 = 6*h - 5*i, 0 = 2*h + i - 34. Let m = -82 + 138. Let b = m - h. Is b composite?
True
Suppose 5*u + 3*z = 71501, 0 = -2*z - 8 + 2. Suppose d - 5*o - 7163 = 0, -o + 3*o - u = -2*d. Is d composite?
True
Let w be (1 - 0/(-4)) + 2. Let z be 1178/(4 + (-3 - -1)). Suppose 2*y - z = p, w*y - 925 + 37 = 3*p. Is y composite?
False
Let v be 16661 - 1 - 6/(3 - -3). Suppose 0 = -21*f + v + 16332. Is f a composite number?
False
Let d be 792/112 + 3 + 11/(-154). Let w be (2/4)/(1/18). Suppose 587 = d*k - w*k. Is k prime?
True
Suppose -m = m - 3466. Let b(f) = 43*f**2 + 2*f + 85. Let x be b(-9). Let q = x - m. Is q a composite number?
True
Let r = 3576 - -1543. Let c = -3072 + r. Is c a prime number?
False
Suppose 0 = -z - 4*z + 1040230. Suppose z + 39349 = 15*x. Is x prime?
True
Suppose 3*o - 14 = v, -2*o + 3*v - 24 = -4*o. Suppose -2*r + 0 = o. Let g = 162 + r. Is g a prime number?
False
Let j(c) = 7777*c - 968. Is j(7) prime?
False
Let r(v) = -v**3 + 3*v**2 - 6*v + 4. Suppose 7 - 28 = -7*g. Let d be r(g). Is (d/(-21))/((-4)/(-5442)) a prime number?
True
Suppose -3*u = 4*o - 97376, -53963 = -5*o 